{"id":148,"date":"2022-10-20T18:24:46","date_gmt":"2022-10-20T21:24:46","guid":{"rendered":"http:\/\/pitstopesteticaautomotiva.com.br\/?page_id=148"},"modified":"2023-01-25T16:20:53","modified_gmt":"2023-01-25T19:20:53","slug":"sobre-nos","status":"publish","type":"page","link":"https:\/\/pitstopesteticaautomotiva.com.br\/index.php\/sobre-nos\/","title":{"rendered":"Sobre N\u00f3s"},"content":{"rendered":"\t\t<div data-elementor-type=\"wp-page\" data-elementor-id=\"148\" class=\"elementor elementor-148\">\n\t\t\t\t<div class=\"elementor-element elementor-element-7519bc8 e-flex e-con-boxed e-con e-parent\" data-id=\"7519bc8\" data-element_type=\"container\" data-settings=\"{&quot;shape_divider_bottom&quot;:&quot;tilt&quot;}\">\n\t\t\t\t\t<div class=\"e-con-inner\">\n\t\t\t\t<div class=\"elementor-shape elementor-shape-bottom\" data-negative=\"false\">\n\t\t\t<svg xmlns=\"http:\/\/www.w3.org\/2000\/svg\" viewBox=\"0 0 1000 100\" preserveAspectRatio=\"none\">\n\t<path class=\"elementor-shape-fill\" d=\"M0,6V0h1000v100L0,6z\"\/>\n<\/svg>\t\t<\/div>\n\t\t\t\t<div class=\"elementor-element elementor-element-ccd1ce1 elementor-absolute elementor-widget elementor-widget-image\" data-id=\"ccd1ce1\" data-element_type=\"widget\" data-settings=\"{&quot;_position&quot;:&quot;absolute&quot;}\" data-widget_type=\"image.default\">\n\t\t\t\t<div class=\"elementor-widget-container\">\n\t\t\t<style>\/*! elementor - v3.21.0 - 08-05-2024 *\/\n.elementor-widget-image{text-align:center}.elementor-widget-image a{display:inline-block}.elementor-widget-image a img[src$=\".svg\"]{width:48px}.elementor-widget-image img{vertical-align:middle;display:inline-block}<\/style>\t\t\t\t\t\t\t\t\t\t<img fetchpriority=\"high\" decoding=\"async\" width=\"600\" height=\"490\" src=\"https:\/\/pitstopesteticaautomotiva.com.br\/wp-content\/uploads\/2022\/10\/carro-preto.png\" class=\"attachment-large size-large wp-image-150\" alt=\"\" srcset=\"https:\/\/pitstopesteticaautomotiva.com.br\/wp-content\/uploads\/2022\/10\/carro-preto.png 600w, https:\/\/pitstopesteticaautomotiva.com.br\/wp-content\/uploads\/2022\/10\/carro-preto-300x245.png 300w\" sizes=\"(max-width: 600px) 100vw, 600px\" \/>\t\t\t\t\t\t\t\t\t\t\t\t\t<\/div>\n\t\t\t\t<\/div>\n\t\t\t\t<div class=\"elementor-element elementor-element-789a2e8 elementor-invisible elementor-widget elementor-widget-heading\" data-id=\"789a2e8\" data-element_type=\"widget\" data-settings=\"{&quot;_animation&quot;:&quot;fadeInUp&quot;}\" data-widget_type=\"heading.default\">\n\t\t\t\t<div class=\"elementor-widget-container\">\n\t\t\t<style>\/*! elementor - v3.21.0 - 08-05-2024 *\/\n.elementor-heading-title{padding:0;margin:0;line-height:1}.elementor-widget-heading .elementor-heading-title[class*=elementor-size-]>a{color:inherit;font-size:inherit;line-height:inherit}.elementor-widget-heading .elementor-heading-title.elementor-size-small{font-size:15px}.elementor-widget-heading .elementor-heading-title.elementor-size-medium{font-size:19px}.elementor-widget-heading .elementor-heading-title.elementor-size-large{font-size:29px}.elementor-widget-heading .elementor-heading-title.elementor-size-xl{font-size:39px}.elementor-widget-heading .elementor-heading-title.elementor-size-xxl{font-size:59px}<\/style><h3 class=\"elementor-heading-title elementor-size-default\">Sobre<b> N\u00f3s<\/b><\/h3>\t\t<\/div>\n\t\t\t\t<\/div>\n\t\t\t\t<div class=\"elementor-element elementor-element-0c13f83 elementor-widget-divider--view-line elementor-widget elementor-widget-divider\" data-id=\"0c13f83\" data-element_type=\"widget\" data-widget_type=\"divider.default\">\n\t\t\t\t<div class=\"elementor-widget-container\">\n\t\t\t<style>\/*! elementor - v3.21.0 - 08-05-2024 *\/\n.elementor-widget-divider{--divider-border-style:none;--divider-border-width:1px;--divider-color:#0c0d0e;--divider-icon-size:20px;--divider-element-spacing:10px;--divider-pattern-height:24px;--divider-pattern-size:20px;--divider-pattern-url:none;--divider-pattern-repeat:repeat-x}.elementor-widget-divider .elementor-divider{display:flex}.elementor-widget-divider .elementor-divider__text{font-size:15px;line-height:1;max-width:95%}.elementor-widget-divider .elementor-divider__element{margin:0 var(--divider-element-spacing);flex-shrink:0}.elementor-widget-divider .elementor-icon{font-size:var(--divider-icon-size)}.elementor-widget-divider .elementor-divider-separator{display:flex;margin:0;direction:ltr}.elementor-widget-divider--view-line_icon .elementor-divider-separator,.elementor-widget-divider--view-line_text .elementor-divider-separator{align-items:center}.elementor-widget-divider--view-line_icon .elementor-divider-separator:after,.elementor-widget-divider--view-line_icon .elementor-divider-separator:before,.elementor-widget-divider--view-line_text .elementor-divider-separator:after,.elementor-widget-divider--view-line_text .elementor-divider-separator:before{display:block;content:\"\";border-block-end:0;flex-grow:1;border-block-start:var(--divider-border-width) var(--divider-border-style) var(--divider-color)}.elementor-widget-divider--element-align-left .elementor-divider .elementor-divider-separator>.elementor-divider__svg:first-of-type{flex-grow:0;flex-shrink:100}.elementor-widget-divider--element-align-left .elementor-divider-separator:before{content:none}.elementor-widget-divider--element-align-left .elementor-divider__element{margin-left:0}.elementor-widget-divider--element-align-right .elementor-divider .elementor-divider-separator>.elementor-divider__svg:last-of-type{flex-grow:0;flex-shrink:100}.elementor-widget-divider--element-align-right .elementor-divider-separator:after{content:none}.elementor-widget-divider--element-align-right .elementor-divider__element{margin-right:0}.elementor-widget-divider--element-align-start .elementor-divider .elementor-divider-separator>.elementor-divider__svg:first-of-type{flex-grow:0;flex-shrink:100}.elementor-widget-divider--element-align-start .elementor-divider-separator:before{content:none}.elementor-widget-divider--element-align-start .elementor-divider__element{margin-inline-start:0}.elementor-widget-divider--element-align-end .elementor-divider .elementor-divider-separator>.elementor-divider__svg:last-of-type{flex-grow:0;flex-shrink:100}.elementor-widget-divider--element-align-end .elementor-divider-separator:after{content:none}.elementor-widget-divider--element-align-end .elementor-divider__element{margin-inline-end:0}.elementor-widget-divider:not(.elementor-widget-divider--view-line_text):not(.elementor-widget-divider--view-line_icon) .elementor-divider-separator{border-block-start:var(--divider-border-width) var(--divider-border-style) var(--divider-color)}.elementor-widget-divider--separator-type-pattern{--divider-border-style:none}.elementor-widget-divider--separator-type-pattern.elementor-widget-divider--view-line .elementor-divider-separator,.elementor-widget-divider--separator-type-pattern:not(.elementor-widget-divider--view-line) .elementor-divider-separator:after,.elementor-widget-divider--separator-type-pattern:not(.elementor-widget-divider--view-line) .elementor-divider-separator:before,.elementor-widget-divider--separator-type-pattern:not([class*=elementor-widget-divider--view]) .elementor-divider-separator{width:100%;min-height:var(--divider-pattern-height);-webkit-mask-size:var(--divider-pattern-size) 100%;mask-size:var(--divider-pattern-size) 100%;-webkit-mask-repeat:var(--divider-pattern-repeat);mask-repeat:var(--divider-pattern-repeat);background-color:var(--divider-color);-webkit-mask-image:var(--divider-pattern-url);mask-image:var(--divider-pattern-url)}.elementor-widget-divider--no-spacing{--divider-pattern-size:auto}.elementor-widget-divider--bg-round{--divider-pattern-repeat:round}.rtl .elementor-widget-divider .elementor-divider__text{direction:rtl}.e-con-inner>.elementor-widget-divider,.e-con>.elementor-widget-divider{width:var(--container-widget-width,100%);--flex-grow:var(--container-widget-flex-grow)}<\/style>\t\t<div class=\"elementor-divider\">\n\t\t\t<span class=\"elementor-divider-separator\">\n\t\t\t\t\t\t<\/span>\n\t\t<\/div>\n\t\t\t\t<\/div>\n\t\t\t\t<\/div>\n\t\t<div class=\"elementor-element elementor-element-881b186 e-flex e-con-boxed e-con e-child\" data-id=\"881b186\" data-element_type=\"container\">\n\t\t\t\t\t<div class=\"e-con-inner\">\n\t\t<div class=\"elementor-element elementor-element-b3fe32b e-con-full e-flex e-con e-child\" data-id=\"b3fe32b\" data-element_type=\"container\" data-settings=\"{&quot;background_background&quot;:&quot;classic&quot;}\">\n\t\t\t\t<div class=\"elementor-element elementor-element-f35074a elementor-widget__width-inherit elementor-invisible elementor-widget elementor-widget-heading\" data-id=\"f35074a\" data-element_type=\"widget\" data-settings=\"{&quot;_animation&quot;:&quot;fadeInLeft&quot;}\" data-widget_type=\"heading.default\">\n\t\t\t\t<div class=\"elementor-widget-container\">\n\t\t\t<h2 class=\"elementor-heading-title elementor-size-default\"><b>Est\u00e9tica<\/b> Automotiva:<br>\nBenef\u00edcios que v\u00e3o <b>al\u00e9m da apar\u00eancia<\/b><\/h2>\t\t<\/div>\n\t\t\t\t<\/div>\n\t\t\t\t<div class=\"elementor-element elementor-element-194b203 animated-slow elementor-invisible elementor-widget elementor-widget-text-editor\" data-id=\"194b203\" data-element_type=\"widget\" data-settings=\"{&quot;_animation&quot;:&quot;fadeIn&quot;}\" data-widget_type=\"text-editor.default\">\n\t\t\t\t<div class=\"elementor-widget-container\">\n\t\t\t<style>\/*! elementor - v3.21.0 - 08-05-2024 *\/\n.elementor-widget-text-editor.elementor-drop-cap-view-stacked .elementor-drop-cap{background-color:#69727d;color:#fff}.elementor-widget-text-editor.elementor-drop-cap-view-framed .elementor-drop-cap{color:#69727d;border:3px solid;background-color:transparent}.elementor-widget-text-editor:not(.elementor-drop-cap-view-default) .elementor-drop-cap{margin-top:8px}.elementor-widget-text-editor:not(.elementor-drop-cap-view-default) .elementor-drop-cap-letter{width:1em;height:1em}.elementor-widget-text-editor .elementor-drop-cap{float:left;text-align:center;line-height:1;font-size:50px}.elementor-widget-text-editor .elementor-drop-cap-letter{display:inline-block}<\/style>\t\t\t\t<p>Para aqueles que amam cuidar de cada detalhe do carro, a est\u00e9tica automotiva permite realizar procedimentos que elevam o visual do ve\u00edculo.<br \/>E para al\u00e9m da beleza, as t\u00e9cnicas realizadas corretamente tendem a aumentar a vida \u00fatil dos carros.<br \/>Afinal, a manuten\u00e7\u00e3o e limpeza desaceleram o desgaste e ainda previnem poss\u00edveis problemas.<\/p><p><strong>Objetivo Principal:<\/strong><br \/>Potencializar a limpeza interna do carro, remover manchas mais dif\u00edceis de detectar, melhorar a apar\u00eancia externa, com lavagens mais detalhadas ou aplica\u00e7\u00e3o de produtos especiais na pintura.<br \/>Al\u00e9m disso, a est\u00e9tica automotiva ajuda a valorizar o pre\u00e7o do ve\u00edculo, caso o interesse seja a revenda futuramente.<\/p>\t\t\t\t\t\t<\/div>\n\t\t\t\t<\/div>\n\t\t\t\t<\/div>\n\t\t<div class=\"elementor-element elementor-element-bc8bf0b e-con-full e-flex e-con e-child\" data-id=\"bc8bf0b\" data-element_type=\"container\">\n\t\t\t\t<\/div>\n\t\t\t\t\t<\/div>\n\t\t\t\t<\/div>\n\t\t\t\t\t<\/div>\n\t\t\t\t<\/div>\n\t\t<div class=\"elementor-element elementor-element-40d55af e-flex e-con-boxed e-con e-parent\" data-id=\"40d55af\" data-element_type=\"container\" data-settings=\"{&quot;background_background&quot;:&quot;classic&quot;}\">\n\t\t\t\t\t<div class=\"e-con-inner\">\n\t\t<div class=\"elementor-element elementor-element-e29844a e-con-full e-flex e-con e-child\" data-id=\"e29844a\" data-element_type=\"container\">\n\t\t\t\t<div class=\"elementor-element elementor-element-41ee3cf animated-slow elementor-invisible elementor-widget elementor-widget-heading\" data-id=\"41ee3cf\" data-element_type=\"widget\" data-settings=\"{&quot;_animation&quot;:&quot;fadeInLeft&quot;}\" data-widget_type=\"heading.default\">\n\t\t\t\t<div class=\"elementor-widget-container\">\n\t\t\t<h1 class=\"elementor-heading-title elementor-size-default\">a<b> hist\u00f3ria<\/b><br> da pit stop est\u00e9tica automotiva<\/h1>\t\t<\/div>\n\t\t\t\t<\/div>\n\t\t\t\t<\/div>\n\t\t<div class=\"elementor-element elementor-element-18c4fc1 e-con-full e-flex e-con e-child\" data-id=\"18c4fc1\" data-element_type=\"container\">\n\t\t\t\t<div class=\"elementor-element elementor-element-1a59ae8 elementor-widget elementor-widget-text-editor\" data-id=\"1a59ae8\" data-element_type=\"widget\" data-widget_type=\"text-editor.default\">\n\t\t\t\t<div class=\"elementor-widget-container\">\n\t\t\t\t\t\t\t<p>O Pit Stop foi fundado em 20 de Janeiro de 2010 com a ideia de se destacar entre a concorr\u00eancia e ao mesmo tempo criar uma vis\u00e3o diferenciada sobre o local onde voc\u00ea cuida do seu carro!<\/p><p>Com o passar do tempo , investimos em treinamentos e aquisi\u00e7\u00e3o de equipamentos de ponta , para que voc\u00ea ,cliente ,esteja sempre por dentro das novidade e ter a certeza de que aqui seu carro vai ser bem cuidado!<\/p><p>No Pit Stop voc\u00ea tem a liberdade de acompanhar ao vivo todo o processo de tratamento automotivo, podendo sempre que desejar, obter informa\u00e7\u00f5es sobre os produtos utilizados e sobre o procedimento correto!<\/p>\t\t\t\t\t\t<\/div>\n\t\t\t\t<\/div>\n\t\t\t\t<\/div>\n\t\t\t\t\t<\/div>\n\t\t\t\t<\/div>\n\t\t<div class=\"elementor-element elementor-element-7787c27 e-flex e-con-boxed e-con e-parent\" data-id=\"7787c27\" data-element_type=\"container\" data-settings=\"{&quot;shape_divider_top&quot;:&quot;tilt&quot;}\">\n\t\t\t\t\t<div class=\"e-con-inner\">\n\t\t\t\t<div class=\"elementor-shape elementor-shape-top\" data-negative=\"false\">\n\t\t\t<svg xmlns=\"http:\/\/www.w3.org\/2000\/svg\" viewBox=\"0 0 1000 100\" preserveAspectRatio=\"none\">\n\t<path class=\"elementor-shape-fill\" d=\"M0,6V0h1000v100L0,6z\"\/>\n<\/svg>\t\t<\/div>\n\t\t<div class=\"elementor-element elementor-element-be81e80 e-con-full e-flex elementor-invisible e-con e-child\" data-id=\"be81e80\" data-element_type=\"container\" data-settings=\"{&quot;animation&quot;:&quot;fadeInUp&quot;}\">\n\t\t\t\t<div class=\"elementor-element elementor-element-0d55d83 elementor-view-default elementor-position-top elementor-mobile-position-top elementor-widget elementor-widget-icon-box\" data-id=\"0d55d83\" data-element_type=\"widget\" data-widget_type=\"icon-box.default\">\n\t\t\t\t<div class=\"elementor-widget-container\">\n\t\t\t<link rel=\"stylesheet\" href=\"https:\/\/pitstopesteticaautomotiva.com.br\/wp-content\/plugins\/elementor\/assets\/css\/widget-icon-box.min.css\">\t\t<div class=\"elementor-icon-box-wrapper\">\n\n\t\t\t\t\t\t<div class=\"elementor-icon-box-icon\">\n\t\t\t\t<span  class=\"elementor-icon elementor-animation-\">\n\t\t\t\t<svg xmlns=\"http:\/\/www.w3.org\/2000\/svg\" viewBox=\"0 0 64 64\" width=\"512\" height=\"512\"><g id=\"_32_Goal\" data-name=\"32 Goal\"><path d=\"M53.16,18.72l8-8a1.0076,1.0076,0,0,0-.65-1.71l-5.82-.3-.31-5.82a.9993.9993,0,0,0-1.7-.65l-8,8c-.5371.4277-.1454,1.7349-.1534,2.2954L44.52,12.53A28.354,28.354,0,0,0,29,8C-7,8.63-7,61.36,29,62c25.7086-.45,33.0591-27.4568,22.0418-43.1072C51.5886,18.8884,52.75,19.2443,53.16,18.72ZM28.39,36.27l3.18-1.07a.9835.9835,0,0,0,.39-.24l3.2912-3.2871C37.2689,35.8429,35.1887,42.08,29,42c-9.33.13-9.33-14.12,0-14a7.782,7.782,0,0,1,2.5.36h.0018L28.43,31.43a.9835.9835,0,0,0-.24.39L27.13,35A1.0078,1.0078,0,0,0,28.39,36.27Zm4.6814-9.4786L33.07,26.79A9.5382,9.5382,0,0,0,29,26c-12-.16-12,18.16,0,18,8.23.11,10.82-8.47,7.76-13.83l-.0024-.0018,5.0532-5.047C48.57,34.3916,44.2993,50.92,29,51,7.78,50.89,7.77,19.11,29,19a16.3407,16.3407,0,0,1,9.2175,2.6484ZM30.72,33.38l-1.06.35.35-1.05L45,17.7a.99.99,0,0,0,.7.7ZM29,60c-33.33-.58-33.34-49.41,0-50a25.7908,25.7908,0,0,1,15.72,5.15h0l-5.0719,5.0688A18.8339,18.8339,0,0,0,29,17C5,17.42,5,52.58,29,53c17.4588-.31,22.2193-18.9974,14.2616-29.3278L48.29,18.65l.0322.0028C60.0491,32.8435,53.6084,59.56,29,60ZM46.89,16.51l-.46-5.19,6.08-6.08.23,4.47a1.0136,1.0136,0,0,0,.95.95l4.47.23-6.08,6.09Z\"><\/path><\/g><\/svg>\t\t\t\t<\/span>\n\t\t\t<\/div>\n\t\t\t\n\t\t\t\t\t\t<div class=\"elementor-icon-box-content\">\n\n\t\t\t\t\t\t\t\t\t<h3 class=\"elementor-icon-box-title\">\n\t\t\t\t\t\t<span  >\n\t\t\t\t\t\t\tMiss\u00e3o\t\t\t\t\t\t<\/span>\n\t\t\t\t\t<\/h3>\n\t\t\t\t\n\t\t\t\t\t\t\t\t\t<p class=\"elementor-icon-box-description\">\n\t\t\t\t\t\tNossa miss\u00e3o \u00e9 prestar servi\u00e7os de qualidade e com pre\u00e7o justo para proporcionar aos nossos clientes uma experi\u00eancia \u00fanica. Prezamos pela comodidade, seguran\u00e7a, agilidade, os cuidado se a satisfa\u00e7\u00e3o.\t\t\t\t\t<\/p>\n\t\t\t\t\n\t\t\t<\/div>\n\t\t\t\n\t\t<\/div>\n\t\t\t\t<\/div>\n\t\t\t\t<\/div>\n\t\t\t\t<\/div>\n\t\t<div class=\"elementor-element elementor-element-4d8bf3a e-con-full e-flex elementor-invisible e-con e-child\" data-id=\"4d8bf3a\" data-element_type=\"container\" data-settings=\"{&quot;animation&quot;:&quot;fadeInUp&quot;,&quot;animation_delay&quot;:500}\">\n\t\t\t\t<div class=\"elementor-element elementor-element-693817c elementor-view-default elementor-position-top elementor-mobile-position-top elementor-widget elementor-widget-icon-box\" data-id=\"693817c\" data-element_type=\"widget\" data-widget_type=\"icon-box.default\">\n\t\t\t\t<div class=\"elementor-widget-container\">\n\t\t\t\t\t<div class=\"elementor-icon-box-wrapper\">\n\n\t\t\t\t\t\t<div class=\"elementor-icon-box-icon\">\n\t\t\t\t<span  class=\"elementor-icon elementor-animation-\">\n\t\t\t\t<svg xmlns=\"http:\/\/www.w3.org\/2000\/svg\" viewBox=\"0 0 64 64\" width=\"512\" height=\"512\"><g id=\"Binocular\"><path d=\"M59.90753,34.95142c-.00507-.01019-9.07452-16.81079-9.07452-16.81079A7.8785,7.8785,0,0,0,45,14.08026V13.5a4.5,4.5,0,0,0-9,0V22H28V13.5a4.5,4.5,0,0,0-9,0v.58026a7.8785,7.8785,0,0,0-5.833,4.06036S4.09753,34.94122,4.09247,34.95142A12.99446,12.99446,0,1,0,28,42V36h8v6a13,13,0,1,0,23.90753-7.04858ZM49.07324,19.09082l6.24335,11.55646A12.95461,12.95461,0,0,0,38,35.10345V21.89063a5.89056,5.89056,0,0,1,11.07324-2.7998ZM38,13.5a2.5,2.5,0,0,1,5,0v.55383a7.87121,7.87121,0,0,0-5,2.60486ZM36,24v6H28V24ZM23.5,11A2.50294,2.50294,0,0,1,26,13.5v3.15869a7.87121,7.87121,0,0,0-5-2.60486V13.5A2.50294,2.50294,0,0,1,23.5,11Zm-8.57324,8.09082A5.89056,5.89056,0,0,1,26,21.89063V35.10345A12.95461,12.95461,0,0,0,8.68341,30.64728ZM15,53A11,11,0,1,1,26,42,11.01245,11.01245,0,0,1,15,53ZM28,34V32h8v2ZM49,53A11,11,0,1,1,60,42,11.01245,11.01245,0,0,1,49,53Z\"><\/path><path d=\"M49,35a7,7,0,1,0,7,7A7.00786,7.00786,0,0,0,49,35Zm0,12a5,5,0,1,1,5-5A5.00589,5.00589,0,0,1,49,47Z\"><\/path><path d=\"M15,35a7,7,0,1,0,7,7A7.00786,7.00786,0,0,0,15,35Zm0,12a5,5,0,1,1,5-5A5.00589,5.00589,0,0,1,15,47Z\"><\/path><\/g><\/svg>\t\t\t\t<\/span>\n\t\t\t<\/div>\n\t\t\t\n\t\t\t\t\t\t<div class=\"elementor-icon-box-content\">\n\n\t\t\t\t\t\t\t\t\t<h3 class=\"elementor-icon-box-title\">\n\t\t\t\t\t\t<span  >\n\t\t\t\t\t\t\tvis\u00e3o\t\t\t\t\t\t<\/span>\n\t\t\t\t\t<\/h3>\n\t\t\t\t\n\t\t\t\t\t\t\t\t\t<p class=\"elementor-icon-box-description\">\n\t\t\t\t\t\tSer reconhecida como uma empresa confi\u00e1vel e com excelente atendimento.\t\t\t\t\t<\/p>\n\t\t\t\t\n\t\t\t<\/div>\n\t\t\t\n\t\t<\/div>\n\t\t\t\t<\/div>\n\t\t\t\t<\/div>\n\t\t\t\t<\/div>\n\t\t<div class=\"elementor-element elementor-element-c3ecae5 e-con-full e-flex elementor-invisible e-con e-child\" data-id=\"c3ecae5\" data-element_type=\"container\" data-settings=\"{&quot;animation&quot;:&quot;fadeInUp&quot;,&quot;animation_delay&quot;:1000}\">\n\t\t\t\t<div class=\"elementor-element elementor-element-3b93685 elementor-view-default elementor-position-top elementor-mobile-position-top elementor-widget elementor-widget-icon-box\" data-id=\"3b93685\" data-element_type=\"widget\" data-widget_type=\"icon-box.default\">\n\t\t\t\t<div class=\"elementor-widget-container\">\n\t\t\t\t\t<div class=\"elementor-icon-box-wrapper\">\n\n\t\t\t\t\t\t<div class=\"elementor-icon-box-icon\">\n\t\t\t\t<span  class=\"elementor-icon elementor-animation-\">\n\t\t\t\t<svg xmlns=\"http:\/\/www.w3.org\/2000\/svg\" height=\"456pt\" viewBox=\"0 -15 456.31888 456\" width=\"456pt\"><path d=\"m25.964844 420.441406c.667968 3.808594 4.292968 6.355469 8.101562 5.691406l67.371094-11.785156c3.808594-.667968 6.355469-4.292968 5.691406-8.101562l-1.441406-8.246094 16.273438-13.21875c6.402343-5.332031 14.628906-7.964844 22.941406-7.339844l109.863281 8.03125c.15625.011719.3125.015625.46875.019532h.664063c23.980468-.050782 47.328124-7.691407 66.695312-21.832032.265625-.195312.519531-.410156.757812-.644531l130.863282-128.132813c2.648437-2.589843 2.816406-6.796874.386718-9.59375-14.660156-16.929687-40.042968-19.34375-57.636718-5.484374l-61.078125 45.671874c-12.144531-15.46875-31.800781-23.007812-51.175781-19.636718l-61.441407 10.75c-9.972656 1.730468-20.210937 1.195312-29.949219-1.5625l-6.871093-1.957032c-35.648438-10.238281-74.058594-1.875-102.21875 22.261719l-2.964844-16.933593c-.664063-3.804688-4.289063-6.351563-8.097656-5.6875l-67.375 11.785156c-3.804688.664062-6.355469 4.292968-5.6875 8.097656zm156.652344-153.898437 6.871093 1.953125c11.769531 3.335937 24.140625 3.980468 36.199219 1.886718l61.441406-10.746093c18.753906-3.253907 37.160156 7.351562 43.746094 25.210937l-93.484375 16.355469c-3.589844.613281-6.109375 3.875-5.792969 7.5.3125 3.628906 3.351563 6.410156 6.992188 6.398437.410156 0 .816406-.035156 1.214844-.105468l100.996093-17.664063c3.804688-.667969 6.351563-4.292969 5.6875-8.101562-.699219-3.988281-1.851562-7.886719-3.4375-11.617188l62.375-46.640625.144531-.109375c9.765626-7.730469 23.464844-8.0625 33.597657-.824219l-125.25 122.453126c-16.902344 12.152343-37.195313 18.683593-58.011719 18.667968h-.347656l-109.628906-7.847656c-11.902344-.867188-23.675782 2.917969-32.839844 10.5625l-10.160156 8.289062-15.816407-90.398437c24.777344-25.328125 61.449219-35.015625 95.503907-25.230469zm-113.933594 1.164062 23.449218 134.050781-53.582031 9.375-23.449219-134.054687zm0 0\"><\/path><path d=\"m233.757812 208.566406c1.324219 1.625 3.304688 2.574219 5.402344 2.59375h.007813c2.101562-.019531 4.085937-.976562 5.40625-2.613281l111.742187-136.464844c1.886719-2.308593 2.113282-5.554687.558594-8.101562l-37.007812-60.503907c-1.277344-2.074218-3.542969-3.332031-5.976563-3.316406h-150.117187c-2.433594-.015625-4.699219 1.238282-5.972657 3.308594l-37.007812 60.523438c-1.558594 2.550781-1.328125 5.804687.566406 8.113281zm47.109376-134.40625-41.734376 110.265625-42.074218-110.265625zm-80.371094-14 38.363281-43 38.785156 43zm95.339844 14h40.324218l-74.976562 91.550782zm5.300781-14 14.242187-37.636718 23.007813 37.636718zm-11.914063-7.582031-34.652344-38.417969h49.1875zm-100.496094.234375-14.746093-38.652344h49.230469zm-11.992187 7.347656h-37.457031l23.0625-37.726562zm5.339844 14 34.960937 91.628906-75.476562-91.628906zm0 0\"><\/path><\/svg>\t\t\t\t<\/span>\n\t\t\t<\/div>\n\t\t\t\n\t\t\t\t\t\t<div class=\"elementor-icon-box-content\">\n\n\t\t\t\t\t\t\t\t\t<h3 class=\"elementor-icon-box-title\">\n\t\t\t\t\t\t<span  >\n\t\t\t\t\t\t\tValores\t\t\t\t\t\t<\/span>\n\t\t\t\t\t<\/h3>\n\t\t\t\t\n\t\t\t\t\t\t\t\t\t<p class=\"elementor-icon-box-description\">\n\t\t\t\t\t\tAtendimento humanizado, com respeito eempatia, sem discrimina\u00e7\u00e3o; valoriza\u00e7\u00e3o da m\u00e3ode obra; respeito pelos fornecedores;cumprimento de suas obriga\u00e7\u00f5es para com aspartes interessadas.\t\t\t\t\t<\/p>\n\t\t\t\t\n\t\t\t<\/div>\n\t\t\t\n\t\t<\/div>\n\t\t\t\t<\/div>\n\t\t\t\t<\/div>\n\t\t\t\t<\/div>\n\t\t\t\t\t<\/div>\n\t\t\t\t<\/div>\n\t\t\t\t<\/div>\n\t\t","protected":false},"excerpt":{"rendered":"<p>Sobre N\u00f3s Est\u00e9tica Automotiva: Benef\u00edcios que v\u00e3o al\u00e9m da apar\u00eancia Para aqueles que amam cuidar de cada detalhe do carro, a est\u00e9tica automotiva permite realizar procedimentos que elevam o visual do ve\u00edculo.E para al\u00e9m da beleza, as t\u00e9cnicas realizadas corretamente tendem a aumentar a vida \u00fatil dos carros.Afinal, a manuten\u00e7\u00e3o e limpeza desaceleram o desgaste [&hellip;]<\/p>\n","protected":false},"author":1,"featured_media":0,"parent":0,"menu_order":0,"comment_status":"closed","ping_status":"closed","template":"elementor_header_footer","meta":{"footnotes":""},"_links":{"self":[{"href":"https:\/\/pitstopesteticaautomotiva.com.br\/index.php\/wp-json\/wp\/v2\/pages\/148"}],"collection":[{"href":"https:\/\/pitstopesteticaautomotiva.com.br\/index.php\/wp-json\/wp\/v2\/pages"}],"about":[{"href":"https:\/\/pitstopesteticaautomotiva.com.br\/index.php\/wp-json\/wp\/v2\/types\/page"}],"author":[{"embeddable":true,"href":"https:\/\/pitstopesteticaautomotiva.com.br\/index.php\/wp-json\/wp\/v2\/users\/1"}],"replies":[{"embeddable":true,"href":"https:\/\/pitstopesteticaautomotiva.com.br\/index.php\/wp-json\/wp\/v2\/comments?post=148"}],"version-history":[{"count":18,"href":"https:\/\/pitstopesteticaautomotiva.com.br\/index.php\/wp-json\/wp\/v2\/pages\/148\/revisions"}],"predecessor-version":[{"id":359,"href":"https:\/\/pitstopesteticaautomotiva.com.br\/index.php\/wp-json\/wp\/v2\/pages\/148\/revisions\/359"}],"wp:attachment":[{"href":"https:\/\/pitstopesteticaautomotiva.com.br\/index.php\/wp-json\/wp\/v2\/media?parent=148"}],"curies":[{"name":"wp","href":"https:\/\/api.w.org\/{rel}","templated":true}]}}